{"version":"1.0","provider_name":"Educap","provider_url":"https:\/\/educap.io\/en","author_name":"Julie CENTI","author_url":"https:\/\/educap.io\/en\/author\/emna-benfraj\/","title":"Les troubles de l\u2019apprentissage","type":"rich","width":600,"height":338,"html":"<blockquote class=\"wp-embedded-content\" data-secret=\"DT6BSFsIjc\"><a href=\"https:\/\/educap.io\/en\/les-troubles-de-lapprentissage-comprendre-pour-mieux-accompagner\/\">Les troubles de l\u2019apprentissage : comprendre pour mieux accompagner<\/a><\/blockquote><iframe sandbox=\"allow-scripts\" security=\"restricted\" src=\"https:\/\/educap.io\/en\/les-troubles-de-lapprentissage-comprendre-pour-mieux-accompagner\/embed\/#?secret=DT6BSFsIjc\" width=\"600\" height=\"338\" title=\"&#8220;Les troubles de l\u2019apprentissage : comprendre pour mieux accompagner&#8221; &#8212; Educap\" data-secret=\"DT6BSFsIjc\" frameborder=\"0\" marginwidth=\"0\" marginheight=\"0\" scrolling=\"no\" class=\"wp-embedded-content\"><\/iframe><script>\n\/*! This file is auto-generated *\/\n!function(d,l){\"use strict\";l.querySelector&&d.addEventListener&&\"undefined\"!=typeof URL&&(d.wp=d.wp||{},d.wp.receiveEmbedMessage||(d.wp.receiveEmbedMessage=function(e){var t=e.data;if((t||t.secret||t.message||t.value)&&!\/[^a-zA-Z0-9]\/.test(t.secret)){for(var s,r,n,a=l.querySelectorAll('iframe[data-secret=\"'+t.secret+'\"]'),o=l.querySelectorAll('blockquote[data-secret=\"'+t.secret+'\"]'),c=new RegExp(\"^https?:$\",\"i\"),i=0;i<o.length;i++)o[i].style.display=\"none\";for(i=0;i<a.length;i++)s=a[i],e.source===s.contentWindow&&(s.removeAttribute(\"style\"),\"height\"===t.message?(1e3<(r=parseInt(t.value,10))?r=1e3:~~r<200&&(r=200),s.height=r):\"link\"===t.message&&(r=new URL(s.getAttribute(\"src\")),n=new URL(t.value),c.test(n.protocol))&&n.host===r.host&&l.activeElement===s&&(d.top.location.href=t.value))}},d.addEventListener(\"message\",d.wp.receiveEmbedMessage,!1),l.addEventListener(\"DOMContentLoaded\",function(){for(var e,t,s=l.querySelectorAll(\"iframe.wp-embedded-content\"),r=0;r<s.length;r++)(t=(e=s[r]).getAttribute(\"data-secret\"))||(t=Math.random().toString(36).substring(2,12),e.src+=\"#?secret=\"+t,e.setAttribute(\"data-secret\",t)),e.contentWindow.postMessage({message:\"ready\",secret:t},\"*\")},!1)))}(window,document);\n<\/script>","thumbnail_url":"https:\/\/educap.io\/wp-content\/uploads\/2025\/06\/dys4.png","thumbnail_width":720,"thumbnail_height":477,"description":"D\u00e9couvrez comment l\u2019\u00e9cole inclusive int\u00e8gre les \u00e9l\u00e8ves avec troubles de l\u2019apprentissage (dyslexie, TDAH, dyspraxie) gr\u00e2ce \u00e0 des solutions p\u00e9dagogiques adapt\u00e9es, des outils num\u00e9riques et une collaboration renforc\u00e9e entre enseignants et familles."}

Découvrez comment l’école inclusive intègre les élèves avec troubles de l’apprentissage (dyslexie, TDAH, dyspraxie) grâce à des solutions pédagogiques adaptées, des outils numériques et une collaboration renforcée entre enseignants et familles.
